 v. Is l a composite number?
True
Is 1/(-2 - 646/(-322)) prime?
False
Let i(l) = 7741*l**3 + 5*l**2 - 11*l + 1. Is i(2) a prime number?
True
Let d = -5121 - -9982. Is d a prime number?
True
Is ((-1)/((-7)/1841))/1 composite?
False
Suppose 4*g - 2*g - 3136 = 0. Suppose 4506 = 2*p + g. Is p a composite number?
True
Let d(g) = 684*g + 31. Is d(17) a prime number?
False
Let z be ((-3)/1)/(1 - 4/16). Let f(r) = -12*r**3 + r**2 + 7*r + 11. Is f(z) prime?
False
Suppose -2*f - 13*f + 28545 = 0. Is f composite?
True
Let c be 42/(-9)*161748/(-14). Suppose 0 = -2*x - 10*x + c. Is x prime?
True
Let v(x) = -585*x - 6 - 48*x + 4 + 0. Is v(-1) a prime number?
True
Let u(x) = -747*x**3 + 2*x + 1. Let d be u(-1). Suppose -5*i + d = 2*q - 960, 5*q + 3*i - 4265 = 0. Is q a prime number?
True
Let d(y) = -8*y + y**2 - 114*y**3 + 9*y + y**2. Is d(-1) a prime number?
False
Let a be ((0/(-2))/4)/1*-1. Suppose r - 8*r + 10871 = a. Is r a prime number?
True
Is 1/((-9)/(-183798)*1) a composite number?
True
Let j(s) = 28*s**2 - s + 1. Let y be j(1). Let v = 7 + y. Is v prime?
False
Suppose z + 1 = 4*j - 15, 4*j = 3*z + 16. Suppose -j*t = -0*t - 216. Suppose -3*c + 285 - t = 0. Is c a prime number?
False
Suppose -4 = -z - z, 5*n + z = 1802. Let g = n + -169. Is g composite?
False
Suppose -4 = -f + 5*c, 2*f - f - 4*c - 8 = 0. Is 8/f - (-110)/3 a prime number?
True
Suppose -4*j + 65807 = 5379. Is j prime?
True
Let g be (-162)/24 - (-1)/(-4). Let s = 12 + g. Suppose 241 = s*i + n, 2*i - 14 - 96 = 3*n. Is i prime?
False
Let b = 169 + 742. Is b a composite number?
False
Suppose -17*i + 172014 - 67957 = 0. Is i a composite number?
False
Suppose 46902 = 2*q + j, 9*q - 10*q + 4*j = -23451. Is q composite?
True
Let v be (-199)/(-7) - 12/28. Suppose t - 16 = v. Let q = t - 19. Is q composite?
True
Suppose 0*z - 2*z - 2016 = 0. Let b be (5/4)/((-7)/z). Suppose 0 = 5*k + 5*v - b, -38 = -k + 3*v - 6. Is k a composite number?
True
Let h(x) = 6*x - 2. Let c be h(1). Suppose -c*s = -2*s - 8. Let d(y) = y**2 - 2*y - 5. Is d(s) a prime number?
True
Let g = 17 - 19. Is 2 - (-445)/((-10)/g) a composite number?
True
Let c(w) = 14*w**2 + 4*w + 3. Suppose 3*d = d + 14. Let v(p) = -p**2 + 6*p + 3. Let y be v(d). Is c(y) a composite number?
False
Suppose 4*l - 251 = 5*s - 1000, -3*l = -2*s + 553. Let d = l + 848. Is d a composite number?
True
Is 4535/3 + (-42)/63 prime?
True
Let y(l) = l**2 - 13*l + 16. Let w be y(11). Let n be 5/(5/3) - -1. Is ((-44)/w)/(n/114) composite?
True
Suppose 2*w = -4*d + 26 - 8, -2*d = -2*w - 6. Let n be (-4 + w)*1 - -3. Suppose -k - 57 = -4*z, -3*k = -n*z - 3*z + 54. Is z composite?
False
Suppose 2*b - 3*b - 5 = 0, -4*b = -5*m + 6840. Suppose 464 + m = -2*n. Let c = n + 1407. Is c composite?
True
Let r(p) = p**2 + 6*p + 11. Let d be r(-2). Suppose 4*k = -d*v + 1290 - 427, k + 579 = 2*v. Is v a prime number?
False
Suppose 4*u - 10 = 2*u, 0 = -5*m + 3*u + 19570. Let a = m - 2658. Is a prime?
True
Let j(m) = 12*m + 1 - 6*m - 1. Let r be j(1). Suppose r*x - x = 55. Is x composite?
False
Let b(t) = t**3 + 8*t**2 + 5*t - 12. Let c be b(-7). Suppose 5*z + 4*d = 1465, 440 - 147 = z - c*d. Is z a composite number?
False
Let g = 96 + -55. Let h = g + 170. Is h a prime number?
True
Suppose -z + 575 = -b - b, b + 1 = 0. Suppose -4*i = 2*f - 4034, f - 435 - z = -i. Is i a prime number?
True
Let j = 12 - 7. Suppose -5*v - j*i + 300 = 0, 5*v + 0*i - 294 = -3*i. Is v prime?
False
Let b(x) = -14*x - 5. Let u be b(-2). Let p = u - 20. Suppose -p*a - 2*t + 2035 = 0, 0*t + t - 3387 = -5*a. Is a a prime number?
True
Let f be (2 + (-303)/(-6))*660/25. Is f/(-6)*(-2)/6 a composite number?
True
Is (-1)/(-6) - (-2906119)/138 a composite number?
False
Let v be 48/20 - 6/15. Is (2 - (v - -2))/((-6)/4755) a prime number?
False
Let k(o) = 9392*o + 93. Is k(22) prime?
False
Suppose 5*l + 0*l = 10, 3*l - 16 = -2*d. Suppose -4*r + 674 + 2138 = -4*n, 0 = d*n + 10. Is r composite?
False
Is 8/(-4)*(-7)/(-7)*-8287 prime?
False
Suppose 0*a + i = 2*a - 64, -2*a + 3*i = -56. Suppose 0 = -v - 3 + a. Is v composite?
False
Suppose -23 = 4*g - 7. Let t be -3 + g*(-12)/16. Suppose -5*s - 5*x + 2*x + 3130 = t, 2502 = 4*s + 2*x. Is s composite?
True
Is (-34)/935*-11 - 154986/(-10) a prime number?
False
Let v = 57 + -30. Suppose -3*b + 7 + 8 = -3*p, 3*p = -3*b + v. Suppose -10*f + b*f = -159. Is f a composite number?
False
Let b = -42 - -45. Is (b - 4 - -5) + 83 a prime number?
False
Suppose 4*s = -15 + 47. Let r be s*-1*4/8. Is 147 - r*(-1)/(-2) composite?
False
Suppose o + 81656 = 5*g, 3*g + 4*o - 48989 = -0*g. Is g composite?
True
Let k = -1 - -5. Suppose k = 3*d - d. Suppose 0 = d*z - 90 + 16. Is z composite?
False
Let q(d) = 7*d**3 - 8*d + 6. Let n be q(4). Let k = 135 + n. Is k composite?
False
Is ((-81858)/147)/(6/(-21)) a composite number?
False
Let z(p) = 23*p**3 + 2*p**2 + 3*p + 25. Is z(4) a composite number?
True
Let t(m) = -22*m + 26. Let k be t(8). Is (k/9)/(18/(-27)) composite?
True
Let f(t) = -4*t**2 - 7*t - 25. Suppose 3*p + 3*d - 4 = 14, 4*p + 5*d = 29. Let i(z) = z**2 + z. Let k(a) = p*f(a) + 5*i(a). Is k(18) a composite number?
False
Let t(x) be the second derivative of 14*x**3 - 17*x**2/2 - 26*x. Is t(5) a prime number?
False
Let x be (-4)/(-4)*-1*2. Is 11110/33 + x/(-6) composite?
False
Suppose -13*l = -17*l + 8. Suppose -9*o + l*o + 2849 = 0. Is o a prime number?
False
Let o be 1/(-1)*(14 + 4). Let v be (-32)/(-18) - 4/o. Suppose 4*b - 3*z = 3*b + 88, v*b - 4*z = 170. Is b prime?
True
Suppose 0 = -171*a + 172*a + 991. Let n = -84 - a. Is n composite?
False
Suppose x - 38211 = -3*y, -2*y + x - 1314 + 26788 = 0. Is y composite?
True
Suppose 2*y - 13 - 75 = 0. Is y/(-2)*(-49)/14 prime?
False
Let j be 20/(-3)*(-12)/8. Let m = -5 + j. Suppose 1161 = 4*c - v, -3*c = 2*c + m*v - 1420. Is c a composite number?
True
Let n be (-1)/(-1)*1/(-1). Let c(t) = -886*t**3 + 2*t**2 + t. Is c(n) a composite number?
False
Let w(c) = 199*c**2 - 8*c - 4. Let g be w(-5). Suppose -g + 253 = -6*h. Is h prime?
False
Let m(y) = -y - 15. Let c be m(-3). Let u(j) = -3*j**3 - 13*j**2 + 15*j + 11. Is u(c) prime?
False
Let a(h) = -6*h**3 + 34*h**2 - 37*h - 461. Is a(-27) composite?
True
Let u be 3/(-12) + 46/(-8). Let d(b) = -86*b - 101*b + 152*b + 3. Is d(u) prime?
False
Let d = 18784 - 7961. Is d prime?
False
Let d = -2129 - -4490. Is d a prime number?
False
Suppose l + 4*l - 25 = 0. Suppose 115 = 6*j - l*j. Suppose j = y + 4*y. Is y a composite number?
False
Let m be -13 + (15 + -3)/4. Let x be (-5)/m - 3/(-2). Suppose x*v + 522 = 2*o, -o = 2*o + 4*v - 755. Is o a composite number?
False
Let w = 21280 - 4301. Is w prime?
True
Let m(g) = -g**3 - 11*g**2 - 13*g - 15. Let j be m(-10). Suppose 6 = -3*v + j. Is v a prime number?
True
Suppose 2*x = 2*q + 11112, 3*x - 7751 = 2*q + 8922. Is x a prime number?
False
Suppose 0*u + u - 2*s - 8 = 0, -4*s + 4 = 3*u. Suppose u*o = 9*o - 25. Suppose o*p - 9*p = -5572. Is p composite?
True
Suppose 8*q + 2080 = -8*q. Let f = q + 177. Is f prime?
True
Suppose 4*i - 4*g - 66687 = -3*g, -4*i - 4*g + 66672 = 0. Is i prime?
False
Let a(n) = -15*n + 10. Suppose -3*r = -7 + 19. Let b(q) = 15*q - 9. Let x(o) = r*b(o) - 3*a(o). Is x(-9) a prime number?
False
Suppose 5*f = -d + 128, 5*f = 5*d - 0*f - 700. Let x = d + 9. Suppose 5*u - x = 2*u. Is u a composite number?
True
Let n(t) = t**3 + 6*t - 12. Let d be n(3). Is (-1814)/1*d/(-22) composite?
True
Let q be (-10 - -21) + 2/(-2). Let x(j) = -j**2 + 11*j - 5. Let z be x(q). Suppose -228 = -z*n + 497. Is n a composite number?
True
Let x(w) = 17600*w + 103. Is x(11) prime?
True
Let c = -181 + 35. Let a = c - -483. Is a composite?
False
Suppose 5*b + 5*z - 8 = -3, 28 = 4*b - 2*z. Suppose 3*d + 494 = b*d. Is d a prime number?
False
Let y(i) = -232*i**3 - 6*i**2 + 9*i - 2. Let a be y(4). Is a/(-40) - (-1)/4 a composite number?
False
Suppose -14*l - 1026 = -3*z - 17*l, -3*z + 1006 = -l. Is z a prime number?
True
Let z(v) = 2*v**3 + 2*v**2 - 9*v - 4. Let y(d) = d**2 + d - 1. Let g be y(2). Is z(g) composite?
False
Let v = 0 - -2. Suppose -3*d + v = 8. Is (d - 2)/((-2)/13) a composite number?
True
Let u(w) = -6 + 2*w**2 - 1 + 6 + 8*w + 2. Let v(l) = l + 1. Let q be v(3). Is u(q) a composite number?
True
Let c(p) be the third derivative of 27*p**4/4 + 